(g) be the first derivative of -2 + 3*g**2 - 1/6*g**3 - 2*g. Let x(z) be the first derivative of w(z). What is x(5)?
1
Let p(g) be the second derivative of g**3/6 - 4*g**2 + 15*g. Calculate p(7).
-1
Let t(y) be the second derivative of -y**3/6 + y**2 - y. Let i be (-13 + 11)/(2/(-3)). Calculate t(i).
-1
Let q(x) = x**3 - 4*x**2 - 5. Let i(r) = r**2 - 10 + 9*r + 0*r**2 - 2*r**2. Let c(t) = -t**3 - t**2 + 4*t + 1. Let o be c(-3). Let p be i(o). What is q(p)?
-5
Let r(j) = j**2 - j + 6. Let l(q) be the first derivative of q + 1. Let b(a) = -6*l(a) + r(a). Suppose -2*t + 2 + 0 = 0. What is b(t)?
0
Let m(k) = -k**3 - 7*k**2 - 7*k - 1. Let z(p) = 2*p. Let d be (-4)/6*27/6. Let u be z(d). Give m(u).
5
Suppose -f - 5*h - 16 = -4*h, -5*h = -3*f - 16. Let g(l) = -l**2 - 11*l + 10. Determine g(f).
-2
Let d(h) = 9*h - 8 + 9*h - 14*h. Let v(t) = -3*t + 7. Let i(n) = 6*d(n) + 7*v(n). Determine i(2).
7
Let o be 6*(6/4 - 1). Suppose 5 = v + 3*t, 4*t = -0*v - o*v. Let i(g) = g**2 + 5*g - 3. What is i(v)?
-7
Let n(b) be the first derivative of 1/3*b**3 + 1/2*b**2 - 1 - 2*b. What is n(-2)?
0
Let g(v) = -v**2 - 5*v. Let w(f) = -f + 3. Let h be w(9). Calculate g(h).
-6
Let u(q) be the second derivative of -q**5/20 - q**4/4 - 5*q**2/2 - 20*q. Let t be -5*(-7)/(35/(-4)). Determine u(t).
11
Let q = 19 - 29. Let d be (-16)/(-40) + (-16)/q. Let r(y) = -y**3 + 2*y**2 - 3*y + 3. Give r(d).
-3
Let i(b) = 3*b**2 + 2*b - 1. Let f(t) = -t**3 - 2*t**2 + t. Let q be f(1). Determine i(q).
7
Let f(h) = h**3 - h**2 + h. Let u(g) = 2*g**3 - 4*g**2 + 2*g + 4. Let b(m) = -3*f(m) + u(m). Determine b(0).
4
Let q be -2 + -1 + (8 - 3). Let n(l) = -2*l**3 + 3*l**2 + l - 2. Give n(q).
-4
Let i(f) = -5 - f + 4 + 0. Let k(d) = 2*d**2 - 4*d + 2. Let y be k(2). Suppose a - 2 = 0, y*a + 1 = 3*n - 1. Give i(n).
-3
Let q = -7 - -10. Let x(i) = 2 - 3 + 5*i - i**3 + 2*i**2 - 2. What is x(q)?
3
Let j(q) be the first derivative of -3*q**2/2 - 2. Let h = -7 + 17. Let p = h - 9. What is j(p)?
-3
Let i(b) = -5*b + 1. Let z(p) = -6*p + 2. Let o(t) = -7*i(t) + 6*z(t). Let m be o(7). Let f(u) = -u**3 - 2*u**2 - u. Calculate f(m).
2
Let b(r) = r**2 + 12*r. Let p(j) = -3*j**2 - 35*j - 1. Let d(z) = -8*b(z) - 3*p(z). What is d(-8)?
-5
Let s(o) be the third derivative of -o**5/60 - o**4/6 - 5*o**3/6 + o**2. Let y(w) = -w**2 - 9*w - 8. Let j be y(-9). Let x = 4 + j. Give s(x).
-5
Suppose 3*t - 2*g = -2*t + 40, 3*g + 15 = 0. Let b(o) = o**3 - 6*o**2 - 2*o + 8. Give b(t).
-4
Let a(f) = 2*f**2 - 2*f. Let c(s) = -1 + 2 - 3*s + 2*s. Let u(h) = h**2 + 7*h - 6. Let j(p) = 3*c(p) + u(p). Let z be j(-5). Determine a(z).
4
Let f(r) = 5*r**3 - 6*r - 3. Let c(w) = 3*w - 3*w**2 + 4*w**2 + 4*w**3 - 3 - 8*w + 0*w**2. Let l(j) = 4*c(j) - 3*f(j). Suppose 0 = -b + 2*b + 4. Determine l(b).
5
Let l(w) be the second derivative of w**4/12 + w**3 + w**2 + 13*w. Determine l(-6).
2
Let x be (12/10)/((-8)/(-40)). Let i(a) = 0*a + a + 6 + a - 4*a. Determine i(x).
-6
Let g(t) = -t**3 - 5 + 3*t**2 + 4*t + 3*t + 0*t**2. Let f be ((-120)/(-4))/(3/2). Suppose f = 23*c - 18*c. What is g(c)?
7
Let d(o) = -o**3 + 2*o**2 + 2*o - 4. Let c = 5 + -11. Let y be 2/c*126/(-6). Suppose -5*p = 2*m - 19, 4*p - 3 - y = m. Calculate d(p).
-7
Let j(r) be the first derivative of -r**4/4 - r**3/3 - r**2/2 - 20*r + 53. Calculate j(0).
-20
Let w(j) be the third derivative of j**6/24 - j**5/30 - j**4/12 - j**3/6 + 8*j**2. Suppose -4 = -2*y + 6*y. Determine w(y).
-6
Let l(u) = -2*u + 1. Suppose 0 = a - 5*g - 32, -2*a + 23 + 1 = -2*g. Let n = a + -5. Let j be (-22)/(-4) + (-1)/n. What is l(j)?
-9
Let j(u) = -2*u + 5. Let m be (-3)/18 + (-25)/(-6). Let r be j(m). Let z(o) = 4*o - 3*o + 4*o - 4*o + 2. Determine z(r).
-1
Let s(f) = 0 + 1 + 2 + 0 + 7*f - 8*f**2 + f**3. What is s(7)?
3
Let d(b) be the first derivative of b**4/4 + 5*b**3/3 - b**2/2 - 4*b - 22. What is d(-5)?
1
Let s(j) be the third derivative of -j**4/12 - j**3/3 + j**2. Suppose 3*g = 9 - 0. Suppose 4*z + 3*y + 0 = -11, 4*y + 10 = -g*z. Determine s(z).
2
Let f(l) be the first derivative of 4*l**3/3 - l + 29. Calculate f(-2).
15
Let j(v) = -3*v + 2. Let y = 116 + -113. Give j(y).
-7
Let o(s) be the first derivative of -s**6/120 - s**5/30 - s**4/24 - s**3/6 + 2*s**2 + 6. Let v(k) be the second derivative of o(k). Give v(-3).
11
Suppose -u - u + 12 = 0. Let i = -4 + u. Let m(f) = 3*f**3 - f**i - 2*f**3 + 4*f**3 + f. Calculate m(1).
5
Let t be 3*(20/(-6))/(-5). Let j(g) = -g**2 + 3 - 4*g + g + 0*g**t. Suppose 5 = -2*u - 5. Determine j(u).
-7
Let h be (-9)/(-6) + 9/(-6). Let p = -4 + 7. Let d(m) = m**3 + m**2 + p - m - 2*m + 4*m. What is d(h)?
3
Let w(u) = 5*u**2 + 4 - 239*u**3 + 122*u**3 + 118*u**3 + 3. Let l = -5 - -11. Let i be ((-4)/l + -1)*3. Calculate w(i).
7
Let j(d) = -d**2 - 6*d - 2. Let z be 1 - (0 - (-4)/(-2)). Suppose -3*x - 6 = -6*x + z*v, -5*x - 3*v + 18 = 0. Suppose -x + 9 = -2*q. What is j(q)?
7
Suppose 0 = -4*h + 20, 0*t - 5*t - 70 = -5*h. Let q(n) = -n - 2. Calculate q(t).
7
Let p(j) be the third derivative of -j**5/30 + 5*j**4/24 - j**3/3 - 20*j**2. Determine p(3).
-5
Suppose 0 = -4*y - 5 + 1. Let a(q) = 3*q**2 - 4*q + 2. Let h be a(2). Let n(z) = 5*z**2 + h - 2*z + z - 7. What is n(y)?
5
Let d(j) = -j**3 + 5*j**2 - 3*j - 4. Suppose -z - 5 = 3*b, 0 = 2*z - z + b - 1. What is d(z)?
0
Let h(c) be the first derivative of -c**2 + 4*c + 2. Suppose -5 = 5*t + k - 78, -4*k + 22 = 2*t. Suppose t = 5*w - 0. Calculate h(w).
-2
Let m(w) = w**2 - 4*w + 1. Let b be ((-22)/(-4))/((-2)/(-4)). Let g = -8 + b. Suppose -g*r = 4 - 19. Determine m(r).
6
Let n = -22 + 36. Let s be -1*n/(0 + -2). Let g(l) = s - l**3 - 1 - 3 - l - 3*l**2. Calculate g(-3).
6
Suppose -5*p = -9*p + 8. Let f(k) = 3*k**p - 9*k**3 - 4*k**2 - 2 + 10*k**3 - 3*k**2 - k. Give f(4).
-6
Let v(y) = 2*y + 5. Let h = 17 + -21. Calculate v(h).
-3
Let w(z) = 8*z**3 - 2*z**2 + z. Let s(y) = y**3 - 7*y**2 + 5*y + 7. Let p be s(6). Determine w(p).
7
Let g(n) be the first derivative of -n**3/3 + 2*n**2 - 2*n - 7. Calculate g(5).
-7
Let h(w) be the second derivative of -w**4/12 - w**3 + 3*w**2/2 + 16*w. Calculate h(-6).
3
Let k(o) = o**2 + 3*o - 4. Let t(f) = -f**2 - 8*f - 12. Let c be t(-7). Calculate k(c).
6
Let q(w) = 13*w**2 - 19*w - 23. Let j(l) = 7*l**2 - 10*l - 12. Let r(y) = 11*j(y) - 6*q(y). Calculate r(6).
-6
Let b(k) = 2*k**3 + 4*k**2 + 5 - k**3 + 17*k - 20*k. Determine b(-4).
17
Let h(j) = 38 - j**2 + 33 - 68 + 7*j. What is h(8)?
-5
Let h(a) = -a**3 + 10*a**2 + 11*a - 5. Let b be h(11). Let d = 0 - 2. Let i = d - b. Let v(z) = -2*z. Give v(i).
-6
Let c(m) = -m**2 - 3*m - 5. Let s(j) = -j**2 - 5*j + 1. Let o(z) = z**3 + 9*z**2 + z + 3. Let l be o(-9). Let q be s(l). What is c(q)?
-15
Let p(o) = -o**3 + 14*o**2 - 14*o + 16. Let r be p(13). Let n(q) = -1 - 3*q**2 + r + 4*q**2 - 3*q. Determine n(3).
2
Suppose 0 = 2*l - 13 + 1. Suppose h - l*h + 25 = 0. Let y(t) = -7*t + 6 + 3*t**2 + 4*t**2 - 11*t**2 + 5*t**2. Calculate y(h).
-4
Let x(n) be the second derivative of 3*n**5/20 + n**4/12 - n**3/6 - n. Let m be x(1). Let h(u) = 3*u - 2*u**2 + 0*u**2 + 0*u**2 - 1 + u. Determine h(m).
-7
Let c = 17 + -21. Let t(q) = 2*q - q + 1 + 2. Let u be t(c). Let g(k) = 4*k - 1. What is g(u)?
-5
Let o(x) be the second derivative of x**4/6 - 5*x**3/6 + 13*x. What is o(4)?
12
Let l(g) = -g**3 + 4*g**2 + 2*g - 4. Let a be l(4). Let j(f) be the second derivative of 1/6*f**3 - a*f**2 - f + 0. Give j(5).
-3
Let a(h) = -9*h - 5. Let t(u) = -8*u - 4. Let v = 10 - 4. Let j(f) = v*t(f) - 5*a(f). Let x(o) = -2*o**2 + 2*o + 1. Let b be x(2). What is j(b)?
10
Let o(f) be the first derivative of -f**3/3 - f**2/2 + 4*f - 2. Let c be (-3)/(-2)*(-2 - 0). Let q = -3 - c. What is o(q)?
4
Let c(z) = 6*z - 9. Let n(p) = -p. Let k(o) = c(o) + 5*n(o). Calculate k(0).
-9
Let q(v) be the first derivative of 2 + 1/2*v**2 + 5*v. What is q(-3)?
2
Suppose -v - 3*w = -16, 1 = v - 4*w + 13. Let y(a) = -5 + 0*a - a + 0. Give y(v).
-9
Let s(k) = -5*k - 3. Let x = 11 - 21. Let z = -12 - x. What is s(z)?
7
Let r = -3 - -3. Let p(d) be the third derivative of -d**2 + r*d**3 - 1/30*d**5 - 1/60*d**6 + 0 + 1/24*d**4 + 0*d. What is p(1)?
-3
Let y(k) = k + 2. Let z be y(6). Suppose h + 2 = a, 2 = 3*a - 4*h - z. Let g(j) = -3*j + 2. Determine g(a).
8
Let u(m) be the first derivative of -8 + 1/3*m*